rs of (368 - 0) + (4 - 0)/4.
3, 41
Let v(g) = -160*g + 5. What are the prime factors of v(-1)?
3, 5, 11
Suppose -20 = 3*x - 8*x, -2*t = -5*x + 8. Let c be 2/(t/4 + -1). Let z(f) = f**2 - f + 2. List the prime factors of z(c).
2, 7
Suppose -5 = 5*d - 5*o - 25, 5*o + 16 = 4*d. Let f = 10 + -10. Suppose q + 13 = d*r, f*q + 1 = r - q. What are the prime factors of r?
2
Let s(b) = 2*b**2 - 3*b - 5. Let a be s(-5). Suppose -3*l = 2*l - a. List the prime factors of l.
2, 3
Let b(z) = z**3 + 11*z**2 + 10*z. Let n be b(-10). Let i = n + 6. What are the prime factors of i?
2, 3
Let g(z) = 7*z**3 - 3*z**2 - 6*z + 4. Let v(r) = 14*r**3 - 7*r**2 - 13*r + 9. Let p(d) = -13*g(d) + 6*v(d). List the prime factors of p(-2).
2, 23
What are the prime factors of (-12)/(-2)*(-13)/(-6)?
13
Let a = 23 + -11. Let g = a + -6. List the prime factors of g.
2, 3
Suppose 0 = 5*l + 2*g - 44, -3*g + 22 + 16 = 4*l. Let s = l + 5. What are the prime factors of s?
13
Let h(p) = 2*p**2 - p + 1. List the prime factors of h(5).
2, 23
Let j(x) = 8*x**2 - 15*x + 6. List the prime factors of j(6).
2, 3, 17
Suppose 9 = 3*o - 6*o. What are the prime factors of (-1)/((-25)/8 - o)?
2
Let t(n) = 7*n**2 - 4*n**2 + n**2 - 2. What are the prime factors of t(2)?
2, 7
Let o(q) = -2*q - 6. Let z(v) = -v - 4. Let n be z(0). Let s be o(n). Suppose -h = s*h - 15. What are the prime factors of h?
5
Let u(g) = 2*g**2 + 5*g. Let x(j) = -j. Let y be 1 - (-2 - (1 - 0)). Let b be x(y). What are the prime factors of u(b)?
2, 3
Let z be 0 - -12 - (-2)/(-2). Let i = 17 - z. Let x = 2 + i. What are the prime factors of x?
2
Let s be (-28)/(-6) - (-3)/9. Let v(n) = -n**3 + 5*n**2 + 2*n - 3. What are the prime factors of v(s)?
7
Suppose b = -3*b + 440. Suppose -4*i - i + b = 0. Let h = -13 + i. What are the prime factors of h?
3
Let y = 10 + -5. Suppose -5*j = y, 0 = -d + 2*d + j - 2. Let h = 7 - d. What are the prime factors of h?
2
Suppose 4*n - 4*l = 876, 0*n + 3*n - 661 = l. List the prime factors of n.
13, 17
Let w = 17 + -23. What are the prime factors of (-146)/w - (-6)/9?
5
Suppose -4*n - n = -285. List the prime factors of n.
3, 19
Let w = -20 + 51. List the prime factors of w.
31
Let v = -190 + 384. List the prime factors of v.
2, 97
Suppose 0 = f + 2*f - 30. What are the prime factors of f?
2, 5
Suppose -3*i + 5*l + 27 = 0, 4*i - 3*i - 3*l - 13 = 0. Suppose 5*x - i = -5*c + 51, -7 = -x - 3*c. What are the prime factors of x?
13
Suppose -i - 5*p + 3 = 0, -5*i + 3*p = -10*i + 37. List the prime factors of i.
2
Let w be (-108)/20 + 4/10. Let f(d) = -2*d + 1. What are the prime factors of f(w)?
11
Let z(v) = -3*v**2 + 4*v - 8. Let g(s) = s**2 + 1. Let x(b) = -2*g(b) - z(b). List the prime factors of x(5).
11
Suppose 3*c - 2*p = 6*c - 14, -5*c - 4*p + 24 = 0. Let y = 50 - c. What are the prime factors of y?
2, 23
Suppose -47 = -4*b + 3*b. What are the prime factors of b?
47
Let k(f) = f**2 + 8*f + 9. Let b be k(-7). Suppose 7*a - 130 = b*a. What are the prime factors of a?
2, 13
Let m(c) = 10*c + 43. What are the prime factors of m(8)?
3, 41
Let k(c) = c**2 - c + 3. Let j be 1*(-2 - (0 + -5)). Suppose 2*o + o - 13 = 2*r, -3*r + 3 = j*o. List the prime factors of k(o).
3
Let g(u) be the first derivative of -u**4/4 + u**3 + 2*u + 3. What are the prime factors of g(3)?
2
Let x = 26 - -19. What are the prime factors of x?
3, 5
Suppose 42 = 4*j + 5*z, 6 = -0*z + 3*z. Let a(d) = d**3 - 7*d**2 + 4*d. Let t be a(6). List the prime factors of (t/j)/((-3)/4).
2
Let c(q) = -4*q - 4. Let a be (8/(-10))/((-2)/10). Suppose 15 = -3*x, 2*v + a*x = -2 - 24. What are the prime factors of c(v)?
2
Let m = 183 + -126. List the prime factors of m.
3, 19
What are the prime factors of (-3 + 78)*(-1)/(-3)?
5
Let d = 6 - 2. Suppose d*p - 2*f = -f, 0 = -2*p - 4*f. Suppose -i = -g - 4, p = -3*i - 0*g - g + 24. What are the prime factors of i?
7
Let b(x) = 2*x**2 - 2. Let q be b(3). Let z = q + -7. What are the prime factors of z?
3
Suppose -2*p + 5*y + 143 = 0, 2*p + 2*y - 135 = -y. What are the prime factors of p?
3, 23
Let t(x) be the second derivative of -1/2*x**2 + 3*x + x**3 + 0. What are the prime factors of t(1)?
5
Let m = -28 + 276. List the prime factors of m.
2, 31
Let m(d) = -6*d**2. Let w be m(1). List the prime factors of (w/9)/(1/(-12)).
2
Suppose 92 = c + 3*c. Let g = -15 + c. What are the prime factors of g?
2
Suppose -j + 6 + 3 = 0. What are the prime factors of j?
3
Suppose 0*x + 4*r = -5*x - 61, -4*x - 5*r - 56 = 0. List the prime factors of -2*5/(30/x).
3
Suppose 0 = -3*x + 13 + 11. Let t = 0 - 1. Let s = x + t. What are the prime factors of s?
7
Let q(n) = -30*n - 9. What are the prime factors of q(-5)?
3, 47
Let u = 188 + -113. What are the prime factors of u?
3, 5
Suppose 98 = -4*n + 5*n. List the prime factors of n.
2, 7
Suppose 0 = -u + 2*u + 1. Let l(m) = 19*m**3 + 1. Let w be l(u). What are the prime factors of (2 - (w + -2))/2?
11
Let h(i) = i**2 - 13*i + 20. List the prime factors of h(17).
2, 11
Let y be (7 - 3) + -3 - -7. Let k(z) = z. What are the prime factors of k(y)?
2
Suppose 4*q - 115 + 20 = -5*g, -4*q - 3*g + 105 = 0. List the prime factors of q.
2, 3, 5
Suppose f - 2*f = -20. What are the prime factors of f?
2, 5
Let v be 18/(-4) - (-15)/(-10). Let j = 13 - v. List the prime factors of j.
19
Let x = 30 - -2. List the prime factors of x.
2
Suppose 3*p + 2 = -2*c - 0, 3*c - 4*p = 14. What are the prime factors of c?
2
Let f be (-10)/(-8)*(10 + -6). Suppose -l + f*l - 16 = 0. List the prime factors of l.
2
Let g(m) = -3*m + 7. What are the prime factors of g(-7)?
2, 7
Suppose -3*t = 4*l - 5*t - 608, t - 451 = -3*l. What are the prime factors of l?
151
Let d = 155 + -65. Suppose 0 = -m - 0*m + d. What are the prime factors of 3/(-12) - m/(-8)?
11
Suppose 0 = 8*l - 827 - 493. What are the prime factors of l?
3, 5, 11
Let d(z) = z**2 + 12*z + 16. Let p be d(-11). Let q = p + 3. What are the prime factors of q?
2
Let c = -11 + 15. Let s = c - -19. What are the prime factors of s?
23
Let r be 299/(-5) + (-7)/35. List the prime factors of r/(-3)*(-6 - -8).
2, 5
What are the prime factors of 2/6 - 852/(-36)?
2, 3
Suppose 3*g + 5*p = 5*g - 103, -4*g + 171 = -3*p. Suppose g = 3*v - 18. List the prime factors of v.
19
Suppose -8*x = -3*x + 5*c - 20, 4*x = 2*c + 22. Suppose 0 = -x*l + 42 - 2. List the prime factors of l.
2
Suppose 5 = 5*o - 4*f - 5, 0 = -5*o + 5*f + 10. What are the prime factors of o?
2
Let x(h) be the first derivative of h**3/6 + 4*h**2 - 2*h + 1. Let l(g) be the first derivative of x(g). What are the prime factors of l(0)?
2
Let u be (-7)/21 - 26/(-6). List the prime factors of (-259)/(-28) + 3/u.
2, 5
Let z = -2 - -12. What are the prime factors of z?
2, 5
Let l(v) = -8*v - 9. List the prime factors of l(-5).
31
Let i(o) = 3*o - 6. What are the prime factors of i(5)?
3
Let a be (1 - (-14 + 3)) + -2. Suppose r + 2 - a = 0. What are the prime factors of r?
2
Suppose -4*l + 2*l = i - 208, 0 = i - 3*l - 198. List the prime factors of i.
2, 3, 17
What are the prime factors of (24/16)/(3/6)?
3
Suppose 3*j + 6 = -3*t, 0 = -j - 2*t - 3*t - 22. Suppose 3*f = j + 6. What are the prime factors of (f - 1) + (3 - 1)?
2
Let u(x) = -x**3 - x**2 + x + 5. Let f be u(0). Suppose 5*r - 69 = -5*d + 11, -68 = -f*r - 2*d. What are the prime factors of r?
2, 3
Suppose 268 = 5*k - 57. What are the prime factors of k?
5, 13
Suppose 0 = -4*x, 3*v + 3*x - 327 - 303 = 0. List the prime factors of v.
2, 3, 5, 7
Let r(g) = 22*g**3 - g + 1. What are the prime factors of r(1)?
2, 11
Suppose 0 = 3*k - 2*k - 25. Suppose k = 2*q - 1. List the prime factors of q.
13
Let g(a) = a + 6. Let p be g(-2). Suppose -2*q + 0*q = -p. What are the prime factors of q?
2
Suppose -42 = 3*o + 4*b, 0*b + 3*b - 14 = o. Let h = 29 + o. What are the prime factors of h?
3, 5
Let g(i) = i + 7. Let m(s) be the first derivative of 3*s**2/2 + 4*s + 3. Let a be m(-3). What are the prime factors of g(a)?
2
Let n(g) be the first derivative of g**4/2 + g**3/2 + g**2/2 - g - 1. Let q(j) be the first derivative of n(j). What are the prime factors of q(-2)?
19
Let m(f) = f - 5. Let z be m(7). Suppose 2*q = -4*v - 16, -25 = -z*q - 3*q + 3*v. What are the prime factors of q?
2
List the prime factors of ((-210)/(-9))/((-2)/(-3)).
5, 7
Let u(n) = -n*